{"id":131,"date":"2021-12-30T20:51:42","date_gmt":"2021-12-30T19:51:42","guid":{"rendered":"https:\/\/eggertshus.dk\/?page_id=131"},"modified":"2023-12-29T11:18:30","modified_gmt":"2023-12-29T10:18:30","slug":"kvalitetssikring","status":"publish","type":"page","link":"http:\/\/16.170.43.65\/index.php\/kvalitetssikring\/","title":{"rendered":"Kvalitetssikring"},"content":{"rendered":"\n<h2 class=\"wp-block-heading\">Organisatorisk kvalitetssikring<\/h2>\n\n\n\n<p>Eggertshus er opbygget som en selvejende fond og er organisatorisk drevet af en bestyrelse som f\u00f8rer kontrol og tager beslutninger over den daglige ledelse. Bestyrelsen fungerer s\u00e5ledes som en garant for kvalitet og tilsyn med den daglige ledelse.<\/p>\n\n\n\n<h2 class=\"wp-block-heading\">Offentlig kvalitetssikring<\/h2>\n\n\n\n<p>Der f\u00f8res tilsyn med Eggertshus fra det offentliges side via Socialtilsyn Syd. Alle sociale tilbud skal godkendes og regodkendes af et socialtilsyn. I Danmark findes der fem socialtilsyn, organiseret under regionerne, der har til opgave at sikre kvaliteten af de sociale tilbud. Socialtilsyn Syd beskriver deres opgave som at \u201dbidrage til at sikre, at borgeren ydes en indsats, der er i overensstemmelse med form\u00e5let for offentlige og private tilbud efter lov om social service. Form\u00e5let skal opn\u00e5s gennem en systematisk, ensartet, uvildig og faglig kompetent varetagelse af opgaven med at godkende og f\u00f8re driftsorienteret tilsyn med tilbuddene\u201d.<\/p>\n\n\n\n<p>Socialtilsyn Syd anvender Kvalitetsmodellen til at vurdere de sociale tilbuds kvalitet.<\/p>\n\n\n\n<p>De anvender modellen b\u00e5de i forbindelse med tilsynsbes\u00f8g, re-godkendelse af eksisterende tilbud og ved nye ans\u00f8gninger.<\/p>\n\n\n\n<p>Kvalitetsmodellen er en ramme og et redskab, der giver tilbuddet og socialtilsynet mulighed for dialog p\u00e5 et systematisk grundlag.<\/p>\n\n\n\n<p><strong>Kvalitetsmodellen<\/strong>&nbsp;indeholder 7 temaer:<\/p>\n\n\n\n<ol class=\"wp-block-list\" style=\"list-style-type:1\">\n<li>Uddannelse og besk\u00e6ftigelse<\/li>\n\n\n\n<li>Selvst\u00e6ndighed og relationer<\/li>\n\n\n\n<li>M\u00e5lgrupper, metoder og resultater<\/li>\n\n\n\n<li>Organisation og ledelse<\/li>\n\n\n\n<li>Kompetencer<\/li>\n\n\n\n<li>\u00d8konomi<\/li>\n\n\n\n<li>Fysiske rammer<\/li>\n<\/ol>\n\n\n\n<p>For hvert tema er der en r\u00e6kke kriterier og indikatorer p\u00e5 kvalitet, som socialtilsynet skal anvende i bed\u00f8mmelsen af, om tilbuddet har den n\u00f8dvendige kvalitet. Socialtilsynet kan alene godkende tilbud, som efter den samlede vurdering har den n\u00f8dvendige kvalitet.<\/p>\n\n\n\n<h2 class=\"wp-block-heading\">Kvalitet i dagligdagen<\/h2>\n\n\n\n<p>To gange dagligt ved personaleskift, morgen og efter skoletid, gennemg\u00e5s\/overlappes den aktuelle dag for alle beboere.<\/p>\n\n\n\n<p>Hver anden uge gennemg\u00e5s alle b\u00f8rn ved personalem\u00f8de, hvor fremskridt og udvikling for den enkelte diskuteres. Behandlingsplanen \u00e6ndres eller justeres eventuelt her.<\/p>\n\n\n\n<p>Hver sjette m\u00e5ned afholdes der behandlingsm\u00f8de med deltagelse af barn\/den unge, for\u00e6ldre samt sagsbehandler fra anbringende kommune. Ligeledes kan eksterne specialister deltage hvis den enkelte barns behov tilsiger dette.<\/p>\n\n\n\n<p>Inden behandlingsm\u00f8det udf\u00e6rdiger Eggertshus en statusbeskrivelse der med udgangspunkt i de vedtagne behandlingspunkter beskriver arbejdet og resultaterne i perioden siden sidste m\u00f8de.<\/p>\n\n\n\n<p>Perioden evalueres og der besluttes behandlingspunkter for den kommende seksm\u00e5neders periode.<\/p>\n\n\n\n<p>Alle b\u00f8rn har forskellige behandlingsplaner- og m\u00e5l.<\/p>\n","protected":false},"excerpt":{"rendered":"<p>Organisatorisk kvalitetssikring Eggertshus er opbygget som en selvejende fond og er organisatorisk drevet af en bestyrelse som f\u00f8rer kontrol og tager beslutninger over den daglige ledelse. Bestyrelsen fungerer s\u00e5ledes som en garant for kvalitet og tilsyn med den daglige ledelse. Offentlig kvalitetssikring Der f\u00f8res tilsyn med Eggertshus fra det offentliges side via Socialtilsyn Syd. Alle [&hellip;]<\/p>\n","protected":false},"author":1,"featured_media":0,"parent":0,"menu_order":0,"comment_status":"closed","ping_status":"closed","template":"","meta":{"footnotes":""},"class_list":["post-131","page","type-page","status-publish","hentry"],"_links":{"self":[{"href":"http:\/\/16.170.43.65\/index.php\/wp-json\/wp\/v2\/pages\/131","targetHints":{"allow":["GET"]}}],"collection":[{"href":"http:\/\/16.170.43.65\/index.php\/wp-json\/wp\/v2\/pages"}],"about":[{"href":"http:\/\/16.170.43.65\/index.php\/wp-json\/wp\/v2\/types\/page"}],"author":[{"embeddable":true,"href":"http:\/\/16.170.43.65\/index.php\/wp-json\/wp\/v2\/users\/1"}],"replies":[{"embeddable":true,"href":"http:\/\/16.170.43.65\/index.php\/wp-json\/wp\/v2\/comments?post=131"}],"version-history":[{"count":5,"href":"http:\/\/16.170.43.65\/index.php\/wp-json\/wp\/v2\/pages\/131\/revisions"}],"predecessor-version":[{"id":307,"href":"http:\/\/16.170.43.65\/index.php\/wp-json\/wp\/v2\/pages\/131\/revisions\/307"}],"wp:attachment":[{"href":"http:\/\/16.170.43.65\/index.php\/wp-json\/wp\/v2\/media?parent=131"}],"curies":[{"name":"wp","href":"https:\/\/api.w.org\/{rel}","templated":true}]}}